-1300)/(-455). Let x be s/((-8)/36 - 500/(-1845)). What is the highest common divisor of x and 82?
41
Let c be (-8 - (-4 + 2))*15. Let b be -3 - (-10)/((-9)/(c/4)). Suppose -b*z + 18*z = -48. Calculate the greatest common divisor of z and 6.
6
Let i = -292 + 316. Suppose -601 = -2*o - m + 747, m - 3364 = -5*o. Calculate the highest common factor of i and o.
24
Let s(x) = -81*x**3 + x**2 - 4*x - 2. Let m be s(-1). Suppose 0 = u - 4*z - m, 12*u - 4*z = 7*u + 500. What is the highest common divisor of u and 104?
104
Let g = 219 - 127. Suppose -3*f + g = n, f - 2*f = -2*n + 212. Let r be n/14 + -1 + 4/7. What is the greatest common factor of r and 1?
1
Let m be ((-6)/(-14) - 2169700/1456)*-4. Calculate the greatest common factor of 177 and m.
59
Let s(c) = 3*c + 52. Let q be s(32). Calculate the greatest common factor of q and 259.
37
Let t(u) = 8*u**2 - 91*u + 261. Let i be t(4). What is the highest common divisor of i and 19?
1
Let v be ((-150)/(-45))/((-1)/36)*(-3)/5. What is the highest common divisor of v and 9528?
24
Let d = 6968 + -6935. Calculate the greatest common factor of 869 and d.
11
Suppose -939*h + 885*h + 6480 = 0. What is the highest common divisor of h and 1905?
15
Let n(r) = 97*r + 1. Let k be n(3). Let u be (-2)/9 + k/18. Let p(b) = 35*b**2 - 46*b + 96. Let m be p(2). What is the greatest common factor of m and u?
16
Let f be 438/11 + 4/22. Let t be (2 - (-10538)/8) + (-303)/(-404). What is the greatest common divisor of f and t?
40
Suppose 0 = -2*p + 1408 - 490. Suppose -1446*y + 27 = -1445*y. What is the highest common factor of p and y?
27
Let q(v) = 69*v**2 + 26*v - 219. Let d be q(13). Calculate the highest common divisor of d and 930.
310
Let p be -12*(-3 - 2640/18). Let d be p/10 + 34/85. Calculate the highest common factor of d and 4.
4
Let k = -203 - -233. Let q be (-4)/(20/(-85)) + 3. What is the greatest common factor of k and q?
10
Let u = 716 - 696. Let k(v) = -v**3 + 6*v**2 + 6*v + 10. Let n be k(7). Suppose 0*y - n*y = -30. Calculate the highest common divisor of y and u.
10
Suppose -2974 = -8*v - n, -1746 = -5*v + 3*n + 91. Calculate the highest common factor of 901 and v.
53
Suppose -u = -5*b - 86, u = 4*u - 5*b - 308. Let h = -67 + u. What is the highest common divisor of h and 11?
11
Suppose -69*g + 2092 = -1151. Calculate the greatest common divisor of g and 3337.
47
Let v be (-10)/2*1302/(-15). Let i(b) = b**3 + 23*b**2 - 151*b - 14. Let o be i(6). Calculate the greatest common factor of v and o.
62
Let u = -5 - 5. Let z = -4 - u. Suppose 36 = 6*h + z*h. What is the greatest common factor of h and 9?
3
Let c = 2775 + -1045. What is the highest common factor of 160 and c?
10
Let b(x) = -19*x - 1. Let t be b(-1). Suppose -843*z = -846*z + 18. Suppose q = -4*l + 214, -l + z*q = 3*q - 60. What is the greatest common factor of l and t?
18
Suppose -3*q + 4*k = -1571, -k + 380 = 4*q - 1683. Let s = q - 495. What is the highest common divisor of 704 and s?
22
Let m be (-95 - -4)/((-2)/(-4)). Let q be (-2)/6 - m/6. Suppose 0 = 5*f - 0*f + 5*c - 385, 4 = 2*c. What is the highest common divisor of q and f?
15
Suppose -2*j = -22*w + 19*w + 1213, 4*j - 4*w = -2428. Let x = -300 - j. Calculate the highest common factor of 88 and x.
44
Suppose 94*o = -744990 + 2378146. What is the greatest common factor of 17 and o?
17
Let m(b) be the second derivative of -b**3/3 + 4*b**2 - 20*b. Let y = -202 + 182. Let c be m(y). Calculate the highest common divisor of c and 32.
16
Let j be 1/8*-2 - (-10423)/28. What is the highest common factor of j and 540?
12
Let x be (1 + 76/8)*18. Suppose 59 - 56 = v + 3*l, 0 = -5*v + l + 111. What is the greatest common factor of v and x?
21
Let r be (26/(-3))/((-4)/6). Let x be (-2 - (-8)/5)*(1 - 1136). Let u = -324 + x. Calculate the greatest common factor of u and r.
13
Let p be 31 - (-46*(-3)/(-30) - 10/25). Let t be (-2 + 4)/(4/(-22)). Let u(s) = -2*s - 4. Let l be u(t). Calculate the greatest common factor of l and p.
18
Let j(g) = -2*g**3 + 105*g**2 - 133*g - 621. Let i be j(50). What is the highest common divisor of i and 189?
63
Let p be (-65670)/(-418) - 30/285. Calculate the highest common divisor of p and 49141.
157
Let w(r) = -6812*r + 8143. Let f be w(-7). What is the greatest common factor of f and 9?
9
Let b be -1 + 4 + -8 - -1. Let d be b*7/(14/(-5)). Suppose 3*l - 25 = -2*l. Calculate the greatest common factor of l and d.
5
Suppose 0 = -5*m + 2*i + 105, -5*m + 250*i - 246*i = -95. Calculate the greatest common factor of m and 943.
23
Let a = -793 + 796. Let w be 9/(-27) + (2972/6 - a). What is the highest common divisor of 82 and w?
82
Let j(o) = o**2 + 7*o - 18. Let q be j(-28). What is the highest common divisor of q and 6?
6
Suppose 2*m = 31*l - 35*l + 160, -5*l - 4*m + 194 = 0. Let o = -185 + 299. Calculate the greatest common factor of l and o.
6
Let t = 15207 + -11174. What is the greatest common divisor of t and 218?
109
Suppose -4*n + 924 = -n. Let v be (20/50)/(2/(-40)). Let k be 90/4 + 4/v - 0. Calculate the greatest common divisor of n and k.
22
Suppose 45*u - 40*u = 110. Calculate the greatest common factor of 2409 and u.
11
Let y = 19 + -23. Let n be (y - -1) + 24 + 3. Suppose -2*k + 51 = l + 3*k, 4*k = l - n. Calculate the greatest common divisor of 12 and l.
12
Suppose 4*a = -s + 75 - 45, 3*s - 35 = -a. Let b = 32 - 28. Calculate the greatest common factor of b and s.
2
Let r(p) = 138*p**2 - p - 9. Let q be r(-2). Let a = q - 381. Calculate the greatest common divisor of a and 738.
82
Let b = -99 + 104. Suppose 3*q = 11 - b. Suppose -f = 4*v - 224 - 388, -3*v + 470 = -q*f. What is the highest common factor of 14 and v?
14
Suppose -3647336 = -223*c - 159*c. What is the highest common factor of 231 and c?
77
Suppose 0 = 11*a + 1349 + 3744. Let v = a - -659. Calculate the greatest common factor of v and 56.
28
Let g = -913 - -1592. What is the greatest common divisor of 21 and g?
7
Let i(t) = -36*t**3 + t**2 - 58*t - 183. Let n be i(-3). What is the highest common factor of 12 and n?
12
Let b(v) = -v**3 + 37*v**2 + 4*v - 21. Let i be b(37). Let h = i + -115. Calculate the greatest common divisor of h and 6.
6
Let s(m) = 3*m**2 + 22*m + 71. Let k be s(-15). Calculate the highest common divisor of k and 117.
13
Let z be 2*(-3)/(-24)*0. Let i(k) = -k**3 - 2*k**2 - 2*k + 539. Let y be i(z). Calculate the greatest common factor of y and 11.
11
Let b = -65 + 220. Let n = 4758 + -4696. What is the greatest common divisor of n and b?
31
Let z = -349 + 909. Let r = z + -475. Let d be (-2 - -2) + (-17)/(-1). Calculate the highest common factor of d and r.
17
Let u(n) = 432 - 53*n + 110*n - 54*n. Let l be u(0). Suppose l = 19*t - t. Calculate the highest common factor of t and 24.
24
Let j(l) = 2*l**2 + 17 + 4*l + 4*l - 13*l. Let q be j(7). What is the highest common factor of 5 and q?
5
Let w be (-6660)/210*(-16 + -5). Calculate the highest common divisor of 4 and w.
2
Let b = 1274 - 1174. Let z be ((-3)/1)/((-24)/112). Let a be (11 + -1)/(7/z). Calculate the greatest common divisor of a and b.
20
Let m = 12818 + -12773. Calculate the greatest common factor of 459 and m.
9
Let q(a) = -a**2 + 23*a - 52. Let w = -184 - -191. Let j be q(w). Calculate the greatest common factor of 120 and j.
60
Let n = -11720 - -19492. Calculate the greatest common factor of 804 and n.
268
Suppose -43*j = -44*j - 5*i + 120, 316 = 3*j + 4*i. Calculate the greatest common factor of j and 4900.
100
Let i be (2 - 25/2)/(-42 + 585627/13944). Calculate the highest common factor of 56 and i.
28
Let y = -70 - -120. Let i be 2/1 + -4 + y. Let v be (-28)/(-126) - (-156)/27. What is the highest common factor of i and v?
6
Suppose 9*i - 3854 - 1249 = 0. What is the greatest common divisor of 14 and i?
7
Let g(y) = -72*y - 34*y + 558 - 626 + 33*y. Let a(k) = -36*k - 34. Let t(m) = 5*a(m) - 2*g(m). Let d be t(-9). Calculate the highest common factor of 34 and d.
34
Let c be -5*(-4 + 5) - (7449/(-3) - 0). Calculate the highest common divisor of 177 and c.
177
Suppose 0 = -4*c + 3 + 29. Let y(m) = -8 - 20*m - 25*m + 33*m - 4. Let v be y(-7). Calculate the highest common divisor of v and c.
8
Let a(g) = g**2 + 60*g - 3135. Let q be a(-95). Calculate the highest common divisor of q and 4978.
38
Let c(i) = i**2